e value of -5 - (-1 + -13) - 2?
7
Evaluate -17 - (-33 + 27 + -19).
8
What is -8 - (2 - (5 + 2))?
-3
What is the value of 4 - (-7 - -12 - ((-2 - -3) + 11))?
11
Evaluate 12 + (1 - -4 - (-8 - -15)) + -4.
6
(-2 - 2) + 19 - (-25 - -10 - -12)
18
What is 105 + -114 - (0 + -11) - 19?
-17
-2 + (0 - (-5 - -2)) + -2
-1
Evaluate -1 + (0 - -6) + 23 + 23 + -50.
1
Evaluate (-27 - -57) + -33 + -9.
-12
Evaluate -21 + (40 - (21 - 0)).
-2
(11 - 12) + -4 + -8
-13
Evaluate 136 + -130 - (-2 - -12 - -2).
-6
What is the value of (-3 - 7) + (0 - 1)?
-11
(27 + -85 - -55) + (1 - 3) + 14
9
0 - 28 - (2178 + -2192)
-14
Evaluate -21 - (-3 + (-12 - -11)).
-17
Evaluate -17 + (10 + 2 - (1 + 3)).
-9
(12 - (34 + (2 - 3))) + 12
-9
Evaluate -18 - (-16 + 21 + -16 - -14).
-21
What is the value of -36 + 2 - (-3 + -10 - (-10 + 6))?
-25
Calculate -5 + (-3 - -12) + (-9 - 2).
-7
Calculate -1 + 2 + 50 + -57 + 11 + 6.
11
Calculate -6 + (1 - (-1 + 1)) + 612 + -616.
-9
Evaluate -8 + (3 - 3) - (-5 + 1).
-4
Calculate -14 + (3 - (-7 - -11)).
-15
Evaluate (87 - 85) + 1 + -1 + -9 - -8.
1
Calculate 13 + -11 - 1 - 30.
-29
What is (-4 + (-15 - -7) - -27) + 12?
27
What is the value of 6 - (7 - (19 + -9))?
9
(-4 - 7 - 4) + 15
0
What is -5 + -4 + -8 + -1 + (8 - -2)?
-8
45 + -23 + 12 - 39
-5
Calculate 35 + 1 + 0 + (-285 - -269).
20
Evaluate (18 - 3) + (19 - (8 - -15)).
11
Calculate -16 - (-1 + -1) - -6.
-8
What is the value of 12 + (-13 - -5 - (3 + -7))?
8
What is the value of -24 - (-19 + (-6 - -7))?
-6
Calculate (697 - 664) + (-10 - 0).
23
Evaluate -27 + 32 - (2 + 1 - (-19 - 3)).
-20
Calculate (4 - 6) + -12 + 17 + -14.
-11
What is the value of -4 - 2 - (5 - (6 + 3 + 10))?
8
Calculate 111 + -111 - (1 + 14).
-15
Calculate -3 + -13 - (-44 - -14).
14
Evaluate 12 + -21 + 31 + -11.
11
Evaluate 21 - (-2 + (-1 + 6 - 3) + 10).
11
What is the value of 3 + 13 - (47 - 40)?
9
What is the value of (14 - 29 - 0) + 19?
4
What is -4 + (-6 - (-6 + 7 + -7))?
-4
What is the value of (-3 - (-31 + (-1 - -2))) + -54 + 61?
34
20 + -41 + 8 + 10
-3
What is the value of 52 + -51 - (-2 - 1)?
4
What is (7 - (0 + 13)) + 1 + -3?
-8
(-888 - -891) + 0 + 1 + 0 + 3
7
What is (-1 - 9 - -2) + 15 - 13?
-6
Calculate -43 + 15 - -9 - (-4 + -1).
-14
(43 + -4 - 50) + (-3 - (0 + 2))
-16
Evaluate (20 + -5 + 16 - 13) + 10.
28
What is 2 + (3 - (-2 - (3 - 2)))?
8
What is the value of 13 - (17 - (-27 + 26))?
-5
-7 + 16 + -32 + (5 + -5 - -3)
-20
(0 - (5 - -18)) + 2
-21
2 - (21 + (3 - 6))
-16
What is (-17 - -7 - 13 - (-21 - -10)) + 26?
14
What is 2 - (3 - (-5 - 3)) - (-8 - -1)?
-2
Calculate (77 - 72) + (-3 - 1) + -4.
-3
Evaluate -19 + (-32 - -29) + 23.
1
What is (-5 + -1 + 1 - (17 - 16)) + -6?
-12
-16 - 2 - (1056 - 1081)
7
What is the value of -37 + 25 + 16 + (-7 - 1)?
-4
What is -5 + 6 + -2 + 1 - -8?
8
What is -49 - (-54 + 14) - (2 - 2)?
-9
Calculate 13 - (-9 - -2 - (22 - 36)).
6
Evaluate 6 - -2 - (23 - (1 + -2)).
-16
What is 4 - (1 + 3 - -12 - 6)?
-6
Calculate -3 + 3 + -13 + -5 + 7 - -1.
-10
Evaluate 0 - -25 - (42 + -36 + -3 + 3).
19
What is the value of (12 - 5) + (2 - 4) + (-175 - -167)?
-3
What is the value of (-7 - -3) + (-31 - 17) + 30?
-22
Evaluate -37 - ((0 - -9) + -89 + 78 - 9).
-26
What is (5 + -3 - 12) + 32 + -2?
20
What is (-15 - -45) + -13 - 7?
10
What is (-23 - (-5 - (4 - -1))) + 12?
-1
What is -6 - (-15 + 2 + (-8 - -4) + -8)?
19
(0 - (3 - 4)) + -7
-6
Evaluate -8 + (-3 + 4 + 22 - 2).
13
Evaluate (18 + 8 - 4) + 15 + -18.
19
What is the value of (26 - 14 - 10) + -26?
-24
What is the value of 6 + -22 - (-8 + (4 - -3 - 7))?
-8
What is -39 + 18 - (7 + -13)?
-15
What is the value of -4 - ((82 - 82) + (9 - -2) + -2)?
-13
What is -6 + (-9 - ((9 - 9) + -7)) + 18?
10
(-2 - 1) + (3 - 16) + 4
-12
What is -11 + 7 + 0 + 6 + 6?
8
Calculate -60 + (31 - (-37 - -32)).
-24
Evaluate (28 - 28) + (11 - 4) + -3 + 0.
4
185 + -176 + (3 + -1 - 26)
-15
Calculate -12 - -34 - (-1 + 15).
8
Evaluate 4 - ((12 - -8) + -3) - -5 - -15.
7
What is the value of 10 - (-3 + (0 + 8 - -35) + -7)?
-23
What is 7 - -15 - (-9 - -23) - (2 - -32)?
-26
What is the value of 6 + (21 + -11 - 22)?
-6
-13 - (-1 + 9 + (-41 - 1))
21
What is the value of 4 - -3 - 3 - (-6 + (6 - -23))?
-19
What is the value of -10 + (17 - (7 + -5 - 0)) - -8?
13
Evaluate (-4 - (-1 + -3) - -3) + (-145 - -128).
-14
Evaluate 30 + -14 - (18 + -17 + -2 + 1).
16
Evaluate 10 + (13 - 7) + -4.
12
What is the value of 16 - (30 + -16 + 3)?
-1
Calculate 15 + (8 - 12) + -29.
-18
What is 9 + 17 - 4 - 9?
13
Evaluate 11 - (-8 - -8 - -2).
9
What is (-31 - -26) + (11 - -2) - (-14 - -14)?
8
Calculate 1 - (7 + -4 + 1) - (-4 + -1).
2
What is the value of (-2 - (-18 + 8)) + -16?
-8
Calculate (2 - 3) + -31 + -400 + 410.
-22
What is the value of 3 + -33 + 0 - (-43 - -31)?
-18
Evaluate -19 + 8 + 31 - (6 + (0 - -1)).
13
Calculate 14 + 16 - 4 - 11.
15
What is 15 - (12 + 0) - (4 - -1) - 1?
-3
Calculate (-4 - (-9 - -3)) + -19 + 21 - 6.
-2
(15 - 6) + 1 - 2
8
Calculate -28 - (24 + (13 - 43)).
-22
What is (-3 + -23 + 10 - 3) + -4?
-23
Evaluate 4 + 0 - (9 - -2) - -4.
-3
-2 + (1 - (1 - -2)) - (-12 + 16)
-8
-6 - (2 - (-4 + 13))
1
-3 + -1 + (0 - (-13 - (-20 + 4)))
-7
Evaluate 2 + 17 + (-130 - -116).
5
What is (-33 - (-19 - -6)) + 35?
15
Evaluate 8 + (3 + -9 - -8) + -14.
-4
Calculate -5 - (13 + (-14 - -17)).
-21
4 - (33 + -14 + -2)
-13
What is 9 - (-7 - 1 - (9 + -11) - -1)?
14
(34 - 126) + 41 - -41
-10
-51 - -48 - (-7 + -5)
9
What is (27 - -1) + -24 + 18 + -2 + 1?
21
Calculate 23 + 9 + -2 + -6 + -9.
15
Evaluate 13 + -13 + 3 - 7.
-4
What is 1 + 11 + -19 + 3?
-4
What is -7 + (226 + -246 - (-8 + 1))?
-20
Calculate -11 - (-5 + (-7 - (-2 + -4))).
-5
Calculate 35 + (-20 - (-6 - -19)).
2
What is 28 - (24 + -14 + -12 + 12)?
18
(-3 - 24) + 26 + 13
12
Calculate 0 + -3 + 1 - (71 + -74).
1
What is 7 + (-17 - -8) + -6?
-8
Calculate 123 + -130 - (-1 - 0).
-6
(-26 - 1) + 0 + -14 + -110 + 130
-21
What is the value of -3 - 9 - -6 - (-27 + 8)?
13
Evaluate (3 - (-12 - -27)) + (1 - 3).
-14
What is the value of -32 - (38 + -49 - 9)?
-12
Evaluate (0 - 1 - 0 - (83 + -97)) + -3.
10
What is the value of 15 - 9 - (-15 - -23)?
-2
What is -16 + (14 - 3) + (2 - -5) + -2?
0
What is -30 + (15 - 41) + (18 - 1)?
-39
Calculate (-14 - (6 + 6)) + 13.
-13
Calculate (12 + -10 + 5 - -1) + (103 - 135).
-24
-21 + (-16 - -28) - (-2 + 3 + 3)
-13
What is -7 + 1 + (13 - 4) + 3?
6
Evaluate -2 + 2 - -9 - (-101 - -103).
7
Evaluate 5 + (10 - 23) - (3 + (-1 - -1)).
-11
-2 + -1 + -13 + 12 + -6
-10
(0 - -7) + -5 + (11 - (8 + 2))
3
Calculate 56 - 48 - (0 + -10).
18
What is 2 + 2 + (-8 + 4 - -10 - 3)?
7
Calculate (-11 - -24 - 5) + -13 + -2 - -8.
1
What is -2 + (2 - -30) - (-124 + 134)?
20
Calculate 1 - 17 - (11 - 41).
14
-1 + 7 + 1 + (6 - (27 + -23))
9
What is the value of -1 + -18 + 13 + 4 + 10?
8
What is the value of -36 + 42 + (-9 - -1)?
-2
What is the value of -5 + 5 + 6 + -7 + -8?
-9
4 + 2 + (-4 - 1) + 2 + -2
1
-4 - (4 + -18 - -16)
-6
Calculate -15 + (-87 - -92) + (7 - 3).
-6
Calculate (-4 - -14 - 30) + 11.
-9
Calculate -34 - ((35 - 75) + -2).
8
Calculate 5 + -11 + (12 - 2) + (1 - -32).
37
Evaluate 2 + 11 + 1 + 274 + -265.
23
33 + -22 + -4 + 2
9
Evaluate 12 + 12 + (-20 - 0).
4
1 + 13 + (-459 - -424)
-21
-7 + (-1 + 2 + -1 - -4) + 3
0
What is 12 + 14 + (9 - (20 + 15))?
0
What is the value of 0 - (8 + -9) - -11?
12
What is the value of -7 + (3 - 2 - -1 - (-74 - -66))?
3
-17 - (-4 + 0 + 6 - 13)
-6
Evaluate (-1 - 0) + 241 + -225.
15
4 + 10 + (-5 - 3) - -1
7
What is the value of -7 + 0 - (-488 - -483)?
-2
Calculate -5 + -2 + (1 - 0) - 2.
-8
What is the value of 1 - (-24 + 17) - (-3 + -1 + 23)?
-11
What is the value of -12 - ((-5 - 6) + 6 - -1)?
-8
Calculate (6 - -12) + -24 - (10 - 3).
-13
Calculate (0 - 3) + 51 + -19 + -42.
-13
Calculate -19 - (-26 + -1) - (0 + 10).
-2
What is the value of (-1 + 8 + 6 - 19) + 10?
4
What is the value of -1 + 30 + -14 + -21?
-6
Calculate (-3 - (26 - 16)) + (1 - (4 + -1)).
-15
What is 25 - (1 + 3 + 23)?
-2
Evaluate -14 + (6 - -19) + -3 + -4.
4
What is the value of -4 - (-7 + -1 + 13 + (-8 - 2))?
1
Evaluate (12 + -10 - -1) + -17 + 7 + 3.
-4
What is the value of (-18 - -65) + -9 + -16?
22
Evaluate 46 + -51 + 3 + -1 + (-15 - -1).
-17
What is 7 + -2 + 1 - (13 - 12)?
5
Calculate (-2 - (-6 - -3)) + -2 + (-2 - -6).
3
9 - 25 - (-7 - 0)
-9
What is -6 + (-5 - -4) + 6?
-1
What